{"id":5302,"date":"2021-03-04T19:07:57","date_gmt":"2021-03-04T17:07:57","guid":{"rendered":"https:\/\/www.jornadesperalexcellencia.cat\/?page_id=5296"},"modified":"2025-09-22T20:53:02","modified_gmt":"2025-09-22T18:53:02","slug":"patrocinadores","status":"publish","type":"page","link":"https:\/\/www.jornadesperalexcellencia.cat\/es\/patrocinadores\/","title":{"rendered":"Patrocinadores"},"content":{"rendered":"<div data-vc-full-width=\"true\" data-vc-full-width-init=\"false\" data-vc-stretch-content=\"true\" class=\"vc_row wpb_row vc_row-fluid vc_custom_1758567179384\" ><div class=\"wpb_column vc_column_container vc_col-sm-12\"><div class=\"vc_column-inner vc_custom_1529055021087\"><div class=\"wpb_wrapper\">\n\t<div  class=\"wpb_single_image wpb_content_element vc_align_center\">\n\t\t\n\t\t<figure class=\"wpb_wrapper vc_figure\">\n\t\t\t<div class=\"vc_single_image-wrapper   vc_box_border_grey\"><img loading=\"lazy\" decoding=\"async\" width=\"1240\" height=\"2355\" src=\"https:\/\/www.jornadesperalexcellencia.cat\/wp-content\/uploads\/2025\/09\/patrocinadors-jornades-per-lexcellencia-pirineu-2025.jpg\" class=\"vc_single_image-img attachment-full\" alt=\"Jornades per a l&#039;excellencia al Pirineu\" srcset=\"https:\/\/www.jornadesperalexcellencia.cat\/wp-content\/uploads\/2025\/09\/patrocinadors-jornades-per-lexcellencia-pirineu-2025.jpg 1240w, https:\/\/www.jornadesperalexcellencia.cat\/wp-content\/uploads\/2025\/09\/patrocinadors-jornades-per-lexcellencia-pirineu-2025-158x300.jpg 158w, https:\/\/www.jornadesperalexcellencia.cat\/wp-content\/uploads\/2025\/09\/patrocinadors-jornades-per-lexcellencia-pirineu-2025-539x1024.jpg 539w, https:\/\/www.jornadesperalexcellencia.cat\/wp-content\/uploads\/2025\/09\/patrocinadors-jornades-per-lexcellencia-pirineu-2025-768x1459.jpg 768w, https:\/\/www.jornadesperalexcellencia.cat\/wp-content\/uploads\/2025\/09\/patrocinadors-jornades-per-lexcellencia-pirineu-2025-809x1536.jpg 809w, https:\/\/www.jornadesperalexcellencia.cat\/wp-content\/uploads\/2025\/09\/patrocinadors-jornades-per-lexcellencia-pirineu-2025-1078x2048.jpg 1078w, https:\/\/www.jornadesperalexcellencia.cat\/wp-content\/uploads\/2025\/09\/patrocinadors-jornades-per-lexcellencia-pirineu-2025-6x12.jpg 6w, https:\/\/www.jornadesperalexcellencia.cat\/wp-content\/uploads\/2025\/09\/patrocinadors-jornades-per-lexcellencia-pirineu-2025-600x1140.jpg 600w\" sizes=\"auto, (max-width: 1240px) 100vw, 1240px\" \/><\/div>\n\t\t<\/figure>\n\t<\/div>\n<\/div><\/div><\/div><\/div><div class=\"vc_row-full-width vc_clearfix\"><\/div>","protected":false},"excerpt":{"rendered":"","protected":false},"author":1,"featured_media":0,"parent":0,"menu_order":0,"comment_status":"closed","ping_status":"closed","template":"","meta":{"footnotes":""},"class_list":["post-5302","page","type-page","status-publish","hentry"],"yoast_head":"<!-- This site is optimized with the Yoast SEO plugin v27.5 - https:\/\/yoast.com\/product\/yoast-seo-wordpress\/ -->\n<title>Patrocinadores, sponsors y colaboradores- Jornades per a l&#039;excel\u00b7l\u00e8ncia<\/title>\n<meta name=\"description\" content=\"Gracias a todos nuestros patrocinadores, sponsors y colaboradores, Jornades per al&#039;Excel\u00b7l\u00e8ncia es posible: Generalitat de Catalunya, Diputaci\u00f3 de Lleida...\" \/>\n<meta name=\"robots\" content=\"index, follow, max-snippet:-1, max-image-preview:large, max-video-preview:-1\" \/>\n<link rel=\"canonical\" href=\"https:\/\/www.jornadesperalexcellencia.cat\/es\/patrocinadores\/\" \/>\n<meta property=\"og:locale\" content=\"es_ES\" \/>\n<meta property=\"og:type\" content=\"article\" \/>\n<meta property=\"og:title\" content=\"Patrocinadores, sponsors y colaboradores- Jornades per a l&#039;excel\u00b7l\u00e8ncia\" \/>\n<meta property=\"og:description\" content=\"Gracias a todos nuestros patrocinadores, sponsors y colaboradores, Jornades per al&#039;Excel\u00b7l\u00e8ncia es posible: Generalitat de Catalunya, Diputaci\u00f3 de Lleida...\" \/>\n<meta property=\"og:url\" content=\"https:\/\/www.jornadesperalexcellencia.cat\/es\/patrocinadores\/\" \/>\n<meta property=\"og:site_name\" content=\"Jornades per a l&#039;excel\u00b7l\u00e8ncia\" \/>\n<meta property=\"article:modified_time\" content=\"2025-09-22T18:53:02+00:00\" \/>\n<meta name=\"twitter:card\" content=\"summary_large_image\" \/>\n<meta name=\"twitter:label1\" content=\"Tiempo de lectura\" \/>\n\t<meta name=\"twitter:data1\" content=\"1 minuto\" \/>\n<script type=\"application\/ld+json\" class=\"yoast-schema-graph\">{\"@context\":\"https:\\\/\\\/schema.org\",\"@graph\":[{\"@type\":\"WebPage\",\"@id\":\"https:\\\/\\\/www.jornadesperalexcellencia.cat\\\/es\\\/patrocinadores\\\/\",\"url\":\"https:\\\/\\\/www.jornadesperalexcellencia.cat\\\/es\\\/patrocinadores\\\/\",\"name\":\"Patrocinadores, sponsors y colaboradores- Jornades per a l&#039;excel\u00b7l\u00e8ncia\",\"isPartOf\":{\"@id\":\"https:\\\/\\\/www.jornadesperalexcellencia.cat\\\/es\\\/#website\"},\"datePublished\":\"2021-03-04T17:07:57+00:00\",\"dateModified\":\"2025-09-22T18:53:02+00:00\",\"description\":\"Gracias a todos nuestros patrocinadores, sponsors y colaboradores, Jornades per al'Excel\u00b7l\u00e8ncia es posible: Generalitat de Catalunya, Diputaci\u00f3 de Lleida...\",\"breadcrumb\":{\"@id\":\"https:\\\/\\\/www.jornadesperalexcellencia.cat\\\/es\\\/patrocinadores\\\/#breadcrumb\"},\"inLanguage\":\"es\",\"potentialAction\":[{\"@type\":\"ReadAction\",\"target\":[\"https:\\\/\\\/www.jornadesperalexcellencia.cat\\\/es\\\/patrocinadores\\\/\"]}]},{\"@type\":\"BreadcrumbList\",\"@id\":\"https:\\\/\\\/www.jornadesperalexcellencia.cat\\\/es\\\/patrocinadores\\\/#breadcrumb\",\"itemListElement\":[{\"@type\":\"ListItem\",\"position\":1,\"name\":\"Inici\",\"item\":\"https:\\\/\\\/www.jornadesperalexcellencia.cat\\\/es\\\/inicio\\\/\"},{\"@type\":\"ListItem\",\"position\":2,\"name\":\"Patrocinadores\"}]},{\"@type\":\"WebSite\",\"@id\":\"https:\\\/\\\/www.jornadesperalexcellencia.cat\\\/es\\\/#website\",\"url\":\"https:\\\/\\\/www.jornadesperalexcellencia.cat\\\/es\\\/\",\"name\":\"Jornades per a l&#039;excel\u00b7l\u00e8ncia\",\"description\":\"Confer\u00e8ncies anuals per al progr\u00e9s i desenvolupament dels territoris del Pirineu. Esterri d&#039;\u00c0neu i Andorra.\",\"alternateName\":\"Jornades per a l'excel\u00b7l\u00e8ncia\",\"potentialAction\":[{\"@type\":\"SearchAction\",\"target\":{\"@type\":\"EntryPoint\",\"urlTemplate\":\"https:\\\/\\\/www.jornadesperalexcellencia.cat\\\/es\\\/?s={search_term_string}\"},\"query-input\":{\"@type\":\"PropertyValueSpecification\",\"valueRequired\":true,\"valueName\":\"search_term_string\"}}],\"inLanguage\":\"es\"}]}<\/script>\n<!-- \/ Yoast SEO plugin. -->","yoast_head_json":{"title":"Patrocinadores, sponsors y colaboradores- Jornades per a l&#039;excel\u00b7l\u00e8ncia","description":"Gracias a todos nuestros patrocinadores, sponsors y colaboradores, Jornades per al'Excel\u00b7l\u00e8ncia es posible: Generalitat de Catalunya, Diputaci\u00f3 de Lleida...","robots":{"index":"index","follow":"follow","max-snippet":"max-snippet:-1","max-image-preview":"max-image-preview:large","max-video-preview":"max-video-preview:-1"},"canonical":"https:\/\/www.jornadesperalexcellencia.cat\/es\/patrocinadores\/","og_locale":"es_ES","og_type":"article","og_title":"Patrocinadores, sponsors y colaboradores- Jornades per a l&#039;excel\u00b7l\u00e8ncia","og_description":"Gracias a todos nuestros patrocinadores, sponsors y colaboradores, Jornades per al'Excel\u00b7l\u00e8ncia es posible: Generalitat de Catalunya, Diputaci\u00f3 de Lleida...","og_url":"https:\/\/www.jornadesperalexcellencia.cat\/es\/patrocinadores\/","og_site_name":"Jornades per a l&#039;excel\u00b7l\u00e8ncia","article_modified_time":"2025-09-22T18:53:02+00:00","twitter_card":"summary_large_image","twitter_misc":{"Tiempo de lectura":"1 minuto"},"schema":{"@context":"https:\/\/schema.org","@graph":[{"@type":"WebPage","@id":"https:\/\/www.jornadesperalexcellencia.cat\/es\/patrocinadores\/","url":"https:\/\/www.jornadesperalexcellencia.cat\/es\/patrocinadores\/","name":"Patrocinadores, sponsors y colaboradores- Jornades per a l&#039;excel\u00b7l\u00e8ncia","isPartOf":{"@id":"https:\/\/www.jornadesperalexcellencia.cat\/es\/#website"},"datePublished":"2021-03-04T17:07:57+00:00","dateModified":"2025-09-22T18:53:02+00:00","description":"Gracias a todos nuestros patrocinadores, sponsors y colaboradores, Jornades per al'Excel\u00b7l\u00e8ncia es posible: Generalitat de Catalunya, Diputaci\u00f3 de Lleida...","breadcrumb":{"@id":"https:\/\/www.jornadesperalexcellencia.cat\/es\/patrocinadores\/#breadcrumb"},"inLanguage":"es","potentialAction":[{"@type":"ReadAction","target":["https:\/\/www.jornadesperalexcellencia.cat\/es\/patrocinadores\/"]}]},{"@type":"BreadcrumbList","@id":"https:\/\/www.jornadesperalexcellencia.cat\/es\/patrocinadores\/#breadcrumb","itemListElement":[{"@type":"ListItem","position":1,"name":"Inici","item":"https:\/\/www.jornadesperalexcellencia.cat\/es\/inicio\/"},{"@type":"ListItem","position":2,"name":"Patrocinadores"}]},{"@type":"WebSite","@id":"https:\/\/www.jornadesperalexcellencia.cat\/es\/#website","url":"https:\/\/www.jornadesperalexcellencia.cat\/es\/","name":"Jornades per a l&#039;excel\u00b7l\u00e8ncia","description":"Confer\u00e8ncies anuals per al progr\u00e9s i desenvolupament dels territoris del Pirineu. Esterri d&#039;\u00c0neu i Andorra.","alternateName":"Jornades per a l'excel\u00b7l\u00e8ncia","potentialAction":[{"@type":"SearchAction","target":{"@type":"EntryPoint","urlTemplate":"https:\/\/www.jornadesperalexcellencia.cat\/es\/?s={search_term_string}"},"query-input":{"@type":"PropertyValueSpecification","valueRequired":true,"valueName":"search_term_string"}}],"inLanguage":"es"}]}},"_links":{"self":[{"href":"https:\/\/www.jornadesperalexcellencia.cat\/es\/wp-json\/wp\/v2\/pages\/5302","targetHints":{"allow":["GET"]}}],"collection":[{"href":"https:\/\/www.jornadesperalexcellencia.cat\/es\/wp-json\/wp\/v2\/pages"}],"about":[{"href":"https:\/\/www.jornadesperalexcellencia.cat\/es\/wp-json\/wp\/v2\/types\/page"}],"author":[{"embeddable":true,"href":"https:\/\/www.jornadesperalexcellencia.cat\/es\/wp-json\/wp\/v2\/users\/1"}],"replies":[{"embeddable":true,"href":"https:\/\/www.jornadesperalexcellencia.cat\/es\/wp-json\/wp\/v2\/comments?post=5302"}],"version-history":[{"count":10,"href":"https:\/\/www.jornadesperalexcellencia.cat\/es\/wp-json\/wp\/v2\/pages\/5302\/revisions"}],"predecessor-version":[{"id":11692,"href":"https:\/\/www.jornadesperalexcellencia.cat\/es\/wp-json\/wp\/v2\/pages\/5302\/revisions\/11692"}],"wp:attachment":[{"href":"https:\/\/www.jornadesperalexcellencia.cat\/es\/wp-json\/wp\/v2\/media?parent=5302"}],"curies":[{"name":"wp","href":"https:\/\/api.w.org\/{rel}","templated":true}]}}

<!-- This site is optimized with the Yoast SEO plugin v27.5 - https://yoast.com/product/yoast-seo-wordpress/ -->
<title>Patrocinadores, sponsors y colaboradores- Jornades per a l&#039;excel·lència</title>
<meta name="description" content="Gracias a todos nuestros patrocinadores, sponsors y colaboradores, Jornades per al&#039;Excel·lència es posible: Generalitat de Catalunya, Diputació de Lleida..." />
<meta name="robots" content="index, follow, max-snippet:-1, max-image-preview:large, max-video-preview:-1" />
<link rel="canonical" href="https://www.jornadesperalexcellencia.cat/es/patrocinadores/" />
<meta property="og:locale" content="es_ES" />
<meta property="og:type" content="article" />
<meta property="og:title" content="Patrocinadores, sponsors y colaboradores- Jornades per a l&#039;excel·lència" />
<meta property="og:description" content="Gracias a todos nuestros patrocinadores, sponsors y colaboradores, Jornades per al&#039;Excel·lència es posible: Generalitat de Catalunya, Diputació de Lleida..." />
<meta property="og:url" content="https://www.jornadesperalexcellencia.cat/es/patrocinadores/" />
<meta property="og:site_name" content="Jornades per a l&#039;excel·lència" />
<meta property="article:modified_time" content="2025-09-22T18:53:02+00:00" />
<meta name="twitter:card" content="summary_large_image" />
<meta name="twitter:label1" content="Tiempo de lectura" />
	<meta name="twitter:data1" content="1 minuto" />
<script type="application/ld+json" class="yoast-schema-graph">{"@context":"https:\/\/schema.org","@graph":[{"@type":"WebPage","@id":"https:\/\/www.jornadesperalexcellencia.cat\/es\/patrocinadores\/","url":"https:\/\/www.jornadesperalexcellencia.cat\/es\/patrocinadores\/","name":"Patrocinadores, sponsors y colaboradores- Jornades per a l&#039;excel·lència","isPartOf":{"@id":"https:\/\/www.jornadesperalexcellencia.cat\/es\/#website"},"datePublished":"2021-03-04T17:07:57+00:00","dateModified":"2025-09-22T18:53:02+00:00","description":"Gracias a todos nuestros patrocinadores, sponsors y colaboradores, Jornades per al'Excel·lència es posible: Generalitat de Catalunya, Diputació de Lleida...","breadcrumb":{"@id":"https:\/\/www.jornadesperalexcellencia.cat\/es\/patrocinadores\/#breadcrumb"},"inLanguage":"es","potentialAction":[{"@type":"ReadAction","target":["https:\/\/www.jornadesperalexcellencia.cat\/es\/patrocinadores\/"]}]},{"@type":"BreadcrumbList","@id":"https:\/\/www.jornadesperalexcellencia.cat\/es\/patrocinadores\/#breadcrumb","itemListElement":[{"@type":"ListItem","position":1,"name":"Inici","item":"https:\/\/www.jornadesperalexcellencia.cat\/es\/inicio\/"},{"@type":"ListItem","position":2,"name":"Patrocinadores"}]},{"@type":"WebSite","@id":"https:\/\/www.jornadesperalexcellencia.cat\/es\/#website","url":"https:\/\/www.jornadesperalexcellencia.cat\/es\/","name":"Jornades per a l&#039;excel·lència","description":"Conferències anuals per al progrés i desenvolupament dels territoris del Pirineu. Esterri d&#039;Àneu i Andorra.","alternateName":"Jornades per a l'excel·lència","potentialAction":[{"@type":"SearchAction","target":{"@type":"EntryPoint","urlTemplate":"https:\/\/www.jornadesperalexcellencia.cat\/es\/?s={search_term_string}"},"query-input":{"@type":"PropertyValueSpecification","valueRequired":true,"valueName":"search_term_string"}}],"inLanguage":"es"}]}</script>
<!-- / Yoast SEO plugin. -->

Patrocinadores, sponsors y colaboradores- Jornades per a l&#039;excel·lència

Gracias a todos nuestros patrocinadores, sponsors y colaboradores, Jornades per al'Excel·lència es posible: Generalitat de Catalunya, Diputació de Lleida...

Jornades per a l&#039;excel·lència

Conferències anuals per al progrés i desenvolupament dels territoris del Pirineu. Esterri d&#039;Àneu i Andorra.

Jornades per a l'excel·lència
